{"id":117,"date":"2024-04-03T11:47:40","date_gmt":"2024-04-03T09:47:40","guid":{"rendered":"https:\/\/www.oegv-leobersdorf.at\/?page_id=117"},"modified":"2026-02-01T21:27:04","modified_gmt":"2026-02-01T20:27:04","slug":"aqility","status":"publish","type":"page","link":"https:\/\/www.oegv-leobersdorf.at\/?page_id=117","title":{"rendered":"Agility"},"content":{"rendered":"\n<h3 class=\"wp-block-heading\">Agility<\/h3>\n\n\n<div class=\"wp-block-image\">\n<figure data-wp-context=\"{&quot;imageId&quot;:&quot;6a05a62486a36&quot;}\" data-wp-interactive=\"core\/image\" data-wp-key=\"6a05a62486a36\" class=\"alignright size-thumbnail is-resized wp-lightbox-container\"><img loading=\"lazy\" decoding=\"async\" width=\"300\" height=\"200\" data-wp-class--hide=\"state.isContentHidden\" data-wp-class--show=\"state.isContentVisible\" data-wp-init=\"callbacks.setButtonStyles\" data-wp-on--click=\"actions.showLightbox\" data-wp-on--load=\"callbacks.setButtonStyles\" data-wp-on-window--resize=\"callbacks.setButtonStyles\" src=\"https:\/\/www.oegv-leobersdorf.at\/wp-content\/uploads\/Briges_Doppel3-300x200.jpg\" alt=\"\" class=\"wp-image-151\" style=\"aspect-ratio:1.5001171966559887;width:380px;height:auto\" srcset=\"https:\/\/www.oegv-leobersdorf.at\/wp-content\/uploads\/Briges_Doppel3-300x200.jpg 300w, https:\/\/www.oegv-leobersdorf.at\/wp-content\/uploads\/Briges_Doppel3-500x334.jpg 500w, https:\/\/www.oegv-leobersdorf.at\/wp-content\/uploads\/Briges_Doppel3-768x512.jpg 768w, https:\/\/www.oegv-leobersdorf.at\/wp-content\/uploads\/Briges_Doppel3.jpg 880w\" sizes=\"auto, (max-width: 300px) 100vw, 300px\" \/><button\n\t\t\tclass=\"lightbox-trigger\"\n\t\t\ttype=\"button\"\n\t\t\taria-haspopup=\"dialog\"\n\t\t\taria-label=\"Vergr\u00f6\u00dfern\"\n\t\t\tdata-wp-init=\"callbacks.initTriggerButton\"\n\t\t\tdata-wp-on--click=\"actions.showLightbox\"\n\t\t\tdata-wp-style--right=\"state.imageButtonRight\"\n\t\t\tdata-wp-style--top=\"state.imageButtonTop\"\n\t\t>\n\t\t\t<svg xmlns=\"http:\/\/www.w3.org\/2000\/svg\" width=\"12\" height=\"12\" fill=\"none\" viewBox=\"0 0 12 12\">\n\t\t\t\t<path fill=\"#fff\" d=\"M2 0a2 2 0 0 0-2 2v2h1.5V2a.5.5 0 0 1 .5-.5h2V0H2Zm2 10.5H2a.5.5 0 0 1-.5-.5V8H0v2a2 2 0 0 0 2 2h2v-1.5ZM8 12v-1.5h2a.5.5 0 0 0 .5-.5V8H12v2a2 2 0 0 1-2 2H8Zm2-12a2 2 0 0 1 2 2v2h-1.5V2a.5.5 0 0 0-.5-.5H8V0h2Z\" \/>\n\t\t\t<\/svg>\n\t\t<\/button><\/figure>\n<\/div>\n\n\n<p>Der Hund durchl\u00e4uft, gef\u00fchrt vom Hundef\u00fchrer, einen Parcours, der aus bis zu zwanzig verschiedenen Hindernissen zusammengestellt ist. Hierbei ist zwischen dem \u201eA-Lauf\u201c und dem \u201eJumping\u201c zu unterscheiden. Beim A-Lauf gibt es au\u00dfer einfachen Sprungh\u00fcrden auch Kontaktzonenger\u00e4te, die beim Jumping fehlen. Das Team (Hund und F\u00fchrer) muss Ger\u00e4te wie Tunnel, Weitsprung und Slalom in vorgegebener Reihenfolge schnellstm\u00f6glich und fehlerfrei bew\u00e4ltigen.<\/p>\n\n\n\n<p>Dieser Sport ist f\u00fcr die meisten Hunde geeignet. Sehr gro\u00dfe Hunde sind allerdings selten, einerseits aus gesundheitlichen Gr\u00fcnden, andererseits, weil sie in Wettbewerben eher chancenlos sind. In der Klasse Maxi bzw. Large sieht man sehr oft wendige Hunde wie Border Collies, Australian Shepherds und Belgische Sch\u00e4ferhunde. Bei den kleineren Klassen besteht eine gr\u00f6\u00dfere Variation der Rassen. Die Hunde m\u00fcssen \u00fcber einen guten Grundgehorsam verf\u00fcgen und d\u00fcrfen keine Sch\u00e4digungen des Bewegungsapparates aufweisen.<\/p>\n\n\n\n<p>Das Wichtigste beim Agility sind der Spa\u00df und die sportliche Aktivit\u00e4t. Daher muss gew\u00e4hrleistet sein, dass der Hund gesund ist und nicht \u00fcberfordert wird. Anh\u00e4nger dieser Sportart betonen: \u201eAgility is fun!\u201c<\/p>\n\n\n\n<p>Der Hund l\u00e4uft im Parcours frei (ohne Halsband und Leine) und darf vom Hundef\u00fchrer w\u00e4hrend des Laufs nicht ber\u00fchrt werden. Er wird ausschlie\u00dflich \u00fcber H\u00f6rzeichen (Stimme) des Hundef\u00fchrers und dessen K\u00f6rpersprache gef\u00fchrt. Die Hindernisse im Parcours sind nummeriert und genau in dieser Reihenfolge zu absolvieren. In jeder Pr\u00fcfung wird der Parcours anders aufgebaut. F\u00fcr die Absolvierung des Parcours steht dem Team eine vorgegebene Standardzeit zur Verf\u00fcgung. Jedoch ist die Standardzeit nur als Vorgabe zu sehen und die Schnelligkeit darf nicht als haupts\u00e4chliches Kriterium gesehen werden. Agility ist kein Geschwindigkeitslauf, sondern ein Geschicklichkeitslauf. Bei \u00fcbereinstimmenden Ergebnissen geht die Entscheidung zugunsten des Hundes, der die geringeren Fehler an den Hindernissen hat. Nur im Falle gleicher Anzahl von Fehlern an den Hindernissen ber\u00fccksichtigt man bei der Reihung die bessere Zeit.\u201c<\/p>\n\n\n\n<p>Das Absolvieren des Parcours setzt ein hohes Ma\u00df an Geschick bei Mensch und Hund voraus. Vor allem in den hohen Leistungsklassen f\u00fchren bereits kleinere F\u00fchrfehler des Hundef\u00fchrers oder eine kurze Unaufmerksamkeit des Hundes leicht zu Fehlern, die eine Disqualifikation nach sich ziehen k\u00f6nnen. Genau diese Notwendigkeit exakter Zusammenarbeit des Teams macht aber einen Gro\u00dfteil des Reizes dieser Sportart f\u00fcr die Aktiven aus. Das Team stellt sich sehr fein aufeinander ein. Jeder beobachtet den anderen und beachtet winzige Hinweise seines Sportpartners. Dieses Zusammenspiel wirkt sich auf die gesamte Mensch-Hund-Beziehung aus und beeinflusst diese positiv.<\/p>\n\n\n\n<p class=\"has-text-align-center\"><strong>Hier finden Sie unsere Kurszeiten:<\/strong><\/p>\n\n\n\n<div class=\"wp-block-buttons is-content-justification-center is-layout-flex wp-container-core-buttons-is-layout-16018d1d wp-block-buttons-is-layout-flex\">\n<div class=\"wp-block-button\"><a class=\"wp-block-button__link wp-element-button\" href=\"https:\/\/www.oegv-leobersdorf.at\/?page_id=125\">Agility Kursplan<\/a><\/div>\n<\/div>\n\n\n\n<p><\/p>\n","protected":false},"excerpt":{"rendered":"<p>Agility Der Hund durchl\u00e4uft, gef\u00fchrt vom Hundef\u00fchrer, einen Parcours, der aus bis zu zwanzig verschiedenen Hindernissen zusammengestellt ist. Hierbei ist zwischen dem \u201eA-Lauf\u201c und dem \u201eJumping\u201c zu unterscheiden. Beim A-Lauf gibt es au\u00dfer einfachen Sprungh\u00fcrden auch Kontaktzonenger\u00e4te, die beim Jumping fehlen. Das Team (Hund und F\u00fchrer) muss Ger\u00e4te wie Tunnel, Weitsprung und Slalom in vorgegebener Reihenfolge schnellstm\u00f6glich und fehlerfrei bew\u00e4ltigen. Dieser Sport ist f\u00fcr die meisten Hunde geeignet. Sehr gro\u00dfe Hunde sind allerdings selten, einerseits aus gesundheitlichen Gr\u00fcnden, andererseits, weil sie in Wettbewerben eher chancenlos sind. In der Klasse Maxi bzw. Large sieht man sehr oft wendige Hunde wie Border Collies, Australian Shepherds und Belgische Sch\u00e4ferhunde. Bei den kleineren Klassen besteht eine gr\u00f6\u00dfere Variation der Rassen. Die Hunde m\u00fcssen \u00fcber einen guten Grundgehorsam verf\u00fcgen und d\u00fcrfen keine Sch\u00e4digungen des Bewegungsapparates aufweisen. Das Wichtigste beim Agility sind der Spa\u00df und die sportliche Aktivit\u00e4t. Daher muss gew\u00e4hrleistet sein, dass der Hund gesund&hellip;<\/p>\n<p> <a class=\"more-link\" href=\"https:\/\/www.oegv-leobersdorf.at\/?page_id=117\">Weiterlesen<\/a><\/p>\n","protected":false},"author":2,"featured_media":0,"parent":14,"menu_order":3,"comment_status":"closed","ping_status":"closed","template":"","meta":{"footnotes":""},"class_list":["post-117","page","type-page","status-publish"],"_links":{"self":[{"href":"https:\/\/www.oegv-leobersdorf.at\/index.php?rest_route=\/wp\/v2\/pages\/117","targetHints":{"allow":["GET"]}}],"collection":[{"href":"https:\/\/www.oegv-leobersdorf.at\/index.php?rest_route=\/wp\/v2\/pages"}],"about":[{"href":"https:\/\/www.oegv-leobersdorf.at\/index.php?rest_route=\/wp\/v2\/types\/page"}],"author":[{"embeddable":true,"href":"https:\/\/www.oegv-leobersdorf.at\/index.php?rest_route=\/wp\/v2\/users\/2"}],"replies":[{"embeddable":true,"href":"https:\/\/www.oegv-leobersdorf.at\/index.php?rest_route=%2Fwp%2Fv2%2Fcomments&post=117"}],"version-history":[{"count":7,"href":"https:\/\/www.oegv-leobersdorf.at\/index.php?rest_route=\/wp\/v2\/pages\/117\/revisions"}],"predecessor-version":[{"id":1154,"href":"https:\/\/www.oegv-leobersdorf.at\/index.php?rest_route=\/wp\/v2\/pages\/117\/revisions\/1154"}],"up":[{"embeddable":true,"href":"https:\/\/www.oegv-leobersdorf.at\/index.php?rest_route=\/wp\/v2\/pages\/14"}],"wp:attachment":[{"href":"https:\/\/www.oegv-leobersdorf.at\/index.php?rest_route=%2Fwp%2Fv2%2Fmedia&parent=117"}],"curies":[{"name":"wp","href":"https:\/\/api.w.org\/{rel}","templated":true}]}}